(c) = c**3 + 8*c**2 - 10*c - 4. Let u be o(-9). Suppose -2*a + 2 = -u*r - 0*a, 0 = 4*a - 4. Let q = r + 15. Is q a prime number?
False
Let v(c) = -c - 1. Let s be v(2). Is ((-201)/2)/s*6 a composite number?
True
Suppose 5*n - 537 = 4*w + 1550, w + 1663 = 4*n. Is n a composite number?
True
Is (-1014)/(-4) + (-5)/10 a composite number?
True
Let f = 9 - -1. Is f a prime number?
False
Suppose -79*u + 78*u = -211. Is u prime?
True
Let m(x) = x**2 + 7*x + 4. Let w be m(-5). Let b(r) = -r**3 - 6*r**2 + 3*r + 9. Let p be b(w). Is (-6)/p + 97/3 a composite number?
True
Let r(m) = -24*m + 14. Is r(-5) a composite number?
True
Let b(u) = 6*u**2 - 2*u + 2. Let t be b(-5). Is -3 - (3 + -5 - t) prime?
False
Let l = 6 + -2. Is ((-6)/9)/(l/(-186)) a prime number?
True
Let b(x) = 27*x - 13. Suppose 5*g - 3*g = 12. Is b(g) composite?
False
Let r(f) = 15*f - 2. Is r(11) a prime number?
True
Suppose -3*y + y = 0. Suppose 4*o - 3*g - 469 = y, -o = 2*o - 3*g - 354. Is o composite?
True
Suppose 69 = 3*u + 3*w, 91 = 2*u + 2*u + 3*w. Suppose 2*m = 348 - u. Is m a prime number?
True
Let c be 15/6*6/5. Suppose 5*x = c*x + 134. Is x prime?
True
Let d = -1 - -6. Suppose -g - 6 = 3*p, 2*p = d*g + 6*p - 3. Suppose j - 12 - g = 0. Is j composite?
True
Let d(m) = 54*m**2 + 2*m - 1. Suppose -4*z = -2*z + 4. Is d(z) a prime number?
True
Let t(m) = 3*m**2 + 3*m + 1. Let d = 3 + -7. Let x be t(d). Suppose 0*j = u + j - x, 74 = 2*u - 4*j. Is u prime?
True
Suppose 7644 = 5*t - 7541. Is t a prime number?
True
Suppose a - 50 = -4*a. Is (-52)/(-5) + a/(-25) a composite number?
True
Let v(d) = -d - 7. Let n be v(-7). Suppose n = 5*f - 14 - 6. Suppose -3*x + 7*x + 3*k - 139 = 0, 4*k = -f*x + 136. Is x a prime number?
True
Let s(n) = -n**2 - n. Let w(p) = -6*p + 1. Let c(l) = s(l) - w(l). Let g be c(4). Let v(d) = d**3 + 4*d**2 - 4. Is v(g) composite?
False
Let f(p) = -2*p**3 - 4*p**2 - 5*p + 4. Let k = -7 - -2. Is f(k) prime?
True
Is (-1)/2*-2 - -190 a composite number?
False
Let s(n) = n**2 - 7*n + 7. Let w be s(5). Let k be w/18 - 166/12. Is -2 - k*14/4 a composite number?
False
Suppose -8 = -3*o + 4, -4*o = 4*a - 152. Let l = -3 + a. Is l a composite number?
False
Suppose -5*p = -10, -2*j + 4*p + 376 = 5*p. Is j a prime number?
False
Let u = -360 + 517. Is u a composite number?
False
Suppose 2*r + 30 = 4*r. Is r prime?
False
Let i(r) = 76*r**3 + 2*r**2. Let d(f) = -114*f**3 - 3*f**2. Let x = -2 - -7. Let w(k) = x*d(k) + 7*i(k). Is w(-1) a composite number?
False
Is (4 - -495)/(0 + 1) composite?
False
Let s(g) = -g**3 - 8*g**2 + 4*g + 7. Let z be s(-8). Let j = z - -40. Is j prime?
False
Let t(u) = u**3 - 4*u**2 + 5*u - 3. Let c be t(3). Suppose c*p - 165 = -0*p. Is p composite?
True
Suppose 0 = -0*y + y, -5*v = -5*y - 10265. Is v a prime number?
True
Suppose 4*h - 188 = -0*h. Let g(q) = -q**3 - 5*q**2 - 6*q - 5. Let l be g(-4). Suppose -4*w + h = -l*w. Is w prime?
True
Let r be -3 - (2 - (12 - 1)). Suppose -3*d = -2*c - 311, 5*d + 2*c - r*c = 519. Is d a composite number?
False
Suppose -30*m + 33*m - 2733 = 0. Is m a composite number?
False
Suppose 2*v = 2 + 10. Let i be v + 1 + (-6)/3. Let l = i - -9. Is l a composite number?
True
Let n be (-1 + 4)/((-3)/(-3)). Suppose -107 = n*y - 344. Is y prime?
True
Let o = -10 - -69. Is o composite?
False
Suppose -3*x - 15 = 5*n, 2*x + 20 = -4*n - 2*x. Suppose n*z + 7 = z. Is z a composite number?
False
Is 5370/24 + (-3)/4 composite?
False
Let i = -10 + 12. Let t(p) = 0 - i*p**2 - 5*p**3 + 0*p + 1 + p. Is t(-2) composite?
False
Suppose 4*o - o - 9 = 0. Is 27/(-18)*(-4)/o prime?
True
Suppose 2*g - 3*y = 5*g + 885, 2*g + 5*y + 596 = 0. Let s = -130 - g. Is s prime?
True
Suppose -1 = 2*d + v, -5*d + 0*d - 2*v = 0. Suppose -17 = d*q + 5*r - 113, 0 = -2*q + 3*r + 112. Is q composite?
False
Let l(j) be the third derivative of -j**6/120 + j**5/4 + j**4/12 - 13*j**3/6 + 5*j**2. Is l(14) composite?
False
Let r be -6*((-3)/(-6) + 0). Let k(c) = -6*c - 3. Is k(r) a prime number?
False
Is (-4)/(-48)*-86*-6 a prime number?
True
Let u(x) = -3*x + 3. Let z be u(-3). Suppose -3*v + z = 3*a - 3, -19 = -3*v - a. Is v composite?
False
Let i = -5 - -10. Suppose 2*z + 5*m = 6*z - 1180, 3*m = -i*z + 1475. Is z composite?
True
Let d be (45/(-6))/((-2)/8). Let i = d + 23. Is i prime?
True
Let s be 1/(-6) + 10/(-12). Is 0 - (-1 + s) - -297 composite?
True
Suppose -f + 0*f + 99 = 0. Suppose 5*r + f = 8*r. Is r composite?
True
Suppose 0 = -3*n + 20 - 2. Let w(m) = 2*m**3 - 8*m**2 - 2*m + 7. Is w(n) a composite number?
False
Let z(f) = f**3 + 12*f**2 + 2*f - 5. Suppose 2*b + 9 = t, 2*t = 3*b - 6*b - 24. Is z(b) composite?
False
Let c(r) = r**3 - 2*r**2 + r + 2. Let x be c(5). Let p = x + -29. Is p a composite number?
False
Let p be (-2)/(-8) + (-30)/(-8). Suppose -5*y + 8*l - 1 = 4*l, -p*y - 2*l = -20. Is y composite?
False
Suppose -33 - 36 = -3*q. Suppose q = -3*y + 245. Is y a prime number?
False
Is (-3)/(-12) - (-270)/8 a composite number?
True
Let q(s) = 21*s - 4. Let i(d) = -22*d + 5. Let g(n) = 3*i(n) + 4*q(n). Is g(2) a prime number?
False
Let l = 1 + -1. Suppose 3*m + l*z + 4*z = 1, 0 = 4*m + 5*z - 2. Suppose j = m*n - 60, 39 = -4*n - 3*j + 106. Is n prime?
True
Suppose 3*x + 9 = 4*g, 5*g - 15 = x + 2*x. Let o be ((-125)/(-20))/((-2)/(-8)). Let k = o - g. Is k prime?
True
Let n = 471 + -326. Is n a composite number?
True
Is (0 - -4) + 5 + 97 prime?
False
Let g(m) = m**3 + 4*m**2 - 2*m - 4. Let w be -2 - 6*(-3)/(-6). Let s be g(w). Let f = s + 77. Is f prime?
False
Suppose 3*s - 12 = 0, a + 29176 = 5*a - s. Is a a prime number?
False
Suppose -2 = -r, -3*h + r + 0*r = -7. Suppose 0 = -h*w - w + 204. Is w prime?
False
Suppose 2*l + 4 = 5*f - 0, -3*f - 6 = -4*l. Suppose 6*j - 357 = l*j. Is j a composite number?
True
Let z(f) = -2*f**3 + 3*f**2 + f + 1. Is z(-3) prime?
True
Suppose -d + 3*l + 79 = 0, 6 = -5*l - 4. Let i = d + -42. Is i composite?
False
Let z be 2/4*-4 - -9. Suppose -z = -2*g - 1. Suppose g*r - 106 - 105 = 4*k, 3*r - k - 226 = 0. Is r composite?
True
Suppose -2*n + 174 = 2*c - 226, -5*n - c + 1020 = 0. Is n a prime number?
False
Let m(f) = f**3 + 8*f + 10. Is m(7) composite?
False
Suppose -143 = -2*u - 5*f, 11 + 74 = u - 2*f. Is u a composite number?
False
Suppose 0*h = h + 382. Is (-2)/(4/h + 0) composite?
False
Suppose 0 = 3*w + 2*p - 443, 2*w = -2*p + 217 + 81. Is w a composite number?
True
Let h(o) = 5*o - 6. Let t be h(4). Let i = t + 83. Is i composite?
False
Let y(k) = -k - 3. Let g be y(-8). Suppose -u + g = -30. Is u prime?
False
Let i(s) = -254*s - 6. Let o(t) = 51*t + 1. Let l(j) = 2*i(j) + 11*o(j). Let b be l(1). Let a = b - 21. Is a a prime number?
True
Suppose 2*a + a = 0. Suppose a = g - 3*q - 734, 4*g + 3*q = -q + 2856. Is g composite?
False
Is 4/(12/183)*11 a composite number?
True
Let i = 3 - 3. Suppose -l + i - 6 = -3*q, 2*q - 38 = -5*l. Is (-84)/(-9) + 4/l composite?
True
Suppose 3*q - 5 = -2*n + 1, 5*q - 2*n - 10 = 0. Is (q - 1)/2*178 prime?
True
Is (-30 + 33)/(-1 + (-24)/(-22)) a prime number?
False
Let d(c) = 13*c**2 + 5*c + 4. Let v(f) be the first derivative of -f**2/2 - 11*f + 3. Let b be v(-8). Is d(b) prime?
False
Let o = 220 + -133. Is o prime?
False
Let j be 104790/40 + (-1)/(-4). Is 4/(-2) + j/4 a prime number?
True
Let n(i) = -i**2 + 19*i + 2. Let l(r) = -6*r - 1. Let z(w) = -7*l(w) - 2*n(w). Let d be z(-4). Suppose 0*u = -u + d. Is u a prime number?
True
Let k = 3 - 4. Let q be 5*k*(-1 - 0). Suppose 0*g = q*g - 475. Is g prime?
False
Suppose 0 = -6*o - 2*o + 6920. Is o a prime number?
False
Suppose -q + 1 = -1. Suppose 269 + 113 = q*i. Is i a prime number?
True
Suppose 10*a - 37591 + 9521 = 0. Is a composite?
True
Is 2/(-7) + (-16775)/(-35) + 6 prime?
False
Suppose -2*k + 0*k = 0. Suppose k*r + r = 514. Is r a prime number?
False
Let k(w) = w + 12. Let a be k(-10). Is ((-2)/(-4) + a)*298 a prime number?
False
Let g be 4/(-6) + (-73)/3. Let t = 79 - 25. Let o = t - g. Is o a prime number?
True
Let b(j) be the second derivative of -j**4/12 + 3*j**3/2 - j**2/2 + j. Suppose -8 = 2*q - 3*q. Is b(q) a prime number?
True
Let t be (-27)/(-12)*(-6 - -2). Let m = t + 32. Is m a composite number?
False
Let b be (2/(-2) - -4) + 1. Is ((-586)/(-3))/(b/6) a composite number?
False
Let m(r) = r**2 + 6*r - 4. Let g be m(-5). Let f(